*b = -468. What is the tens digit of d?
9
Suppose 2*m - 5*n + 6 = 0, 6*n = -5*m + 8*n - 15. What is the units digit of (173/m)/(3*4/(-180))?
5
Let v = -2 - -3. Let y be 2/((-6 + v)/(-10)). Let c(i) = 33*i - 2. What is the tens digit of c(y)?
3
Let w = 77423 + -23302. What is the tens digit of w?
2
Let t = 162 + -114. What is the hundreds digit of 12416/t + 4/(-9)*-3?
2
Let o(h) be the second derivative of h**5/120 + 49*h**4/24 - 8*h**3/3 + 17*h. Let d(k) be the second derivative of o(k). What is the units digit of d(-7)?
2
Let n(f) = f**2 + 8*f + 63. Let d be n(27). Suppose 3*q = -3*l + d, 4*q = -l + 3*l + 1332. What is the tens digit of q?
3
Suppose 4*m - 2*m - 12 = 0, -5*n + 3*m = -91007. What is the tens digit of n?
0
Let l(u) = 2 + 17 - 113*u + 114*u. Let f be l(-15). Suppose -z + 4*j + 134 = j, 0 = f*z + j - 471. What is the hundreds digit of z?
1
Let p = -32044 + 56267. What is the tens digit of p?
2
Let d(k) = -k**2 - 23*k - 42. Suppose -3*x + a - 4*a + 21 = 0, 4*x - 4*a = -4. Suppose 0 = x*w + 59 + 1. What is the units digit of d(w)?
8
Suppose 3*n = -x + 150, -n = x - 41 - 9. Let c = 61 - n. Suppose -c*r + 3*r = -376. What is the units digit of r?
7
Let j(y) = -14*y**3 + 18*y**2 - 32. Let f be j(-8). Suppose 16*q + 12*q = f. What is the hundreds digit of q?
2
Suppose -91 = 4*r + 9*r. What is the units digit of (-2)/((-2)/7*r/(-5))?
5
Suppose 4*g - 21086 = -151*a + 149*a, -21092 = -2*a - 3*g. What is the thousands digit of a?
0
Suppose -559 + 3432 = 13*p. Suppose -2*u = 5*h - 2407, -p = h - 2*u - 700. What is the hundreds digit of h?
4
Let z(h) = -h**3 + 8*h**2 + 8*h + 12. Let u be z(9). Suppose -u*r + 595 = -146. Let w = -136 + r. What is the units digit of w?
1
Let y(t) = -t**3 + 6*t**2 - 3*t + 22. Let o be y(6). Suppose -6*l + 7*l - o = 0. What is the tens digit of (4/((-24)/(-86)))/(l/72)?
5
What is the hundreds digit of ((-55)/(-15))/(18/(-27))*-2404?
2
Let d(p) = -5. Let o(x) = -4. Let y(z) = 3*d(z) - 4*o(z). Let a(g) = 7*g**3 + 2*g**2 + 2*g - 2. Let n(c) = a(c) - y(c). What is the tens digit of n(2)?
6
Suppose 148 = -10*b - 122. Let d be (0 + 3)/(-3)*7. Let l = d - b. What is the units digit of l?
0
Let z(v) = v**3 + 27*v**2 - 43*v + 69. Suppose 5*f + 87 = -4*m, 4*m - 5*f = -9 - 128. What is the units digit of z(m)?
9
Let a be 4 + (-5 - (-5054)/7). Let x = 1667 - a. What is the hundreds digit of x?
9
Let f(u) = -u**3 - 5*u + 14. Suppose -z = -5*x - 24, 9 = 3*z - 3*x - 27. Let w be f(z). What is the tens digit of (-6)/(-9) + w/(-12)?
6
Suppose -49 = -a + 2*c, 2*a - 106 = 19*c - 17*c. What is the units digit of a/(-1)*(-1640)/120?
9
Suppose 0*q - 3*h = q - 1638, -5*q - 4*h = -8256. What is the thousands digit of q?
1
Let l = 3253 + -1049. What is the units digit of l?
4
Suppose 5*j + j = j. Suppose j = s - 64 + 59. Suppose -322 = -3*i + 3*v - 118, -s*i + 304 = 4*v. What is the units digit of i?
4
Let g = -1249 + 1743. What is the hundreds digit of g?
4
Suppose 14 = -4*a - 2, -5*d + 1190 = -5*a. Suppose 4*s - d = 282. What is the tens digit of s?
2
Suppose -5*h + 189 = 4*i, 3*i = -14 + 2. Suppose p + 5*n - h = 0, 4*p - n = 17 + 42. What is the tens digit of p?
1
Let y = -496 - -502. Suppose 2*r - 5*b = -5, -2*r + 7*r - 2*b - 19 = 0. Suppose -r - y = -k. What is the units digit of k?
1
Let o = -28 + 4. Let a = o + 22. What is the hundreds digit of 8/a + 185 + -8?
1
Suppose 10 = -p + 5*o + 2, -4*p + 2*o + 22 = 0. Let j(h) = -4*h + h**2 - 5 + h**3 - 5*h**2 - 2*h**2. What is the tens digit of j(p)?
1
What is the tens digit of -17 + (-861)/(-49) - 2795045/(-35)?
5
Let y(n) = 8068*n + 182. What is the hundreds digit of y(3)?
3
Let g(v) = 2*v**3 - v**2 - 5*v - 1. Let k be (-5)/(-20) - 52/16. Let d(n) = n**2 + 3*n + 4. Let q be d(k). What is the units digit of g(q)?
1
Let t(l) = l**3 - 50*l**2 - 43*l + 531. What is the tens digit of t(51)?
3
Let f(x) = 6790*x**2 - 36*x - 59. What is the ten thousands digit of f(-3)?
6
Let s = 94465 + -62770. What is the ten thousands digit of s?
3
What is the hundreds digit of -87 + 13580 + (-1 - 0)*7?
4
Suppose 6*y + 55 - 43 = 0. What is the units digit of (-9320)/(-36) + y/(-18) - 1?
8
Let m(l) = -l**3 + 2*l - 11216. Let n be m(0). What is the tens digit of n/(-20) + 24/(-30)?
6
Let q = -135 + 202. Let m = -88 + 138. Let x = q - m. What is the units digit of x?
7
Let o(n) = 2498*n**2 + 293*n + 1193. What is the hundreds digit of o(-4)?
9
Let q(k) = 8*k - 511 + 480 - 38*k. What is the tens digit of q(-8)?
0
Let c(l) = 16 + 74 + 32 + 40*l + 3. What is the units digit of c(14)?
5
Let n = 30525 - 17290. What is the hundreds digit of n?
2
Suppose 60172 = 36*s - 73820. What is the tens digit of s?
2
Let r(y) = 3*y**2 + 18*y + 2. Let f(m) = 2*m + 14. Let a be f(-10). Let g be r(a). What is the units digit of 2 + g + 228/4?
1
Let k(c) = 7*c - 30. Suppose 2*a - 25 = -5*t, -5*t + 3 = -2*t. Let v = a - -2. What is the units digit of k(v)?
4
Suppose 3*y = 4*c - 19, y + c - 7 = -c. Let p(b) = -b + 6. What is the units digit of p(y)?
7
Let v(s) = 20*s - 76. Let k be v(4). Suppose k*w + 710 = 3*z - 4967, 5*w - 9450 = -5*z. What is the hundreds digit of z?
8
Suppose 83862 = 118*h - 177826 - 217038. What is the tens digit of h?
5
Let d be (5/3 - 1)/(3/(-18)). Let a be (-48)/d - (-4 - -7). Suppose -99 = a*z - 756. What is the tens digit of z?
7
Let a(g) = 7*g - 33. Suppose -c = 2*x - 14, -4*c + 8*x - 3*x + 43 = 0. Suppose f - c = -5. What is the units digit of a(f)?
6
Let o be (5 + -4)/((-1)/(-3)) - -4. What is the units digit of o/(-189)*-6 + 3578/18?
9
Suppose 3*g + 51*c = 47*c + 46497, 0 = -3*c - 18. What is the units digit of g?
7
Let h be 10/16*(-2 - -10). Suppose 2*g + 5*w = 461, -g + 217 + 21 = h*w. What is the units digit of g?
3
Suppose 140*a - 139*a + 2 = 0. What is the tens digit of (-344)/a + (-1 - -1)?
7
Let i(o) = -78*o + 28. Let m be i(-12). Suppose -q + m = 2*x, -x + 492 = -3*q + 6*q. Suppose p = 5*j + 120, 5*p + 0*j = j + x. What is the units digit of p?
5
Suppose 2*h - 4608 = 4*x, 4*h - 3*x + 8*x = 9190. Suppose -104 = -2*d + h. Suppose 226 + d = 14*a. What is the tens digit of a?
0
Suppose -t - 176 = -2*r, -164 = -2*r + 4*t - 0*t. Suppose 3*u = -4*f + 360, 2*u = -0*f - f + r. What is the units digit of 2 + f - (0 + 0)?
2
Suppose -3*s = 18, 15*m = 14*m + s + 12211. What is the ten thousands digit of m?
1
Let q(h) = -h. Let w(i) = 47*i + 93. Let p(c) = -6*q(c) + w(c). What is the hundreds digit of p(5)?
3
What is the thousands digit of ((-15109)/(-12) - 0) + 11/(-132)?
1
Suppose 2 = -5*l + 12, -3*j = -4*l - 17047. What is the thousands digit of j?
5
Let x = -49827 + 102964. What is the hundreds digit of x?
1
Let t(u) = -9*u**3 + 14*u**2 + 6*u - 213. What is the thousands digit of t(-9)?
7
Suppose 0 = 11890*a - 11869*a - 368424. What is the thousands digit of a?
7
Suppose k - 3*k + 5*y + 25 = 0, y - 19 = -2*k. Suppose 4*a = t - 86, -9*a = -3*t - k*a + 271. What is the units digit of t?
0
Suppose 3*o + 5*c = -232 - 104, 3*o - c + 318 = 0. What is the tens digit of 8*2*(-5)/20 - o?
0
Suppose -78*r - 78 = -76*r. Let c = -36 - r. Suppose -5*k + 5*b = -1375, 2*k = -4*b + c*b + 541. What is the hundreds digit of k?
2
Let w(b) = 22*b - 37. Let t = 68 + -72. Let l be (t + 5)/(7/28). What is the units digit of w(l)?
1
Suppose -46*s + 100099 = -262510 - 8105. What is the thousands digit of s?
8
Let f(c) = 80*c**2 - 17*c - 19. What is the units digit of f(8)?
5
Let k(p) = -306*p**2 + 4*p + 12. Let x be k(-7). What is the tens digit of -2*(-6)/4*x/(-57)?
9
What is the units digit of 17616/(18/3)*(-7)/3*-3?
2
Let p(x) = -x + 150. Let j be p(6). Let t = 660 + j. What is the units digit of t?
4
Let s(z) = -2*z + 8. Let j be s(8). Let d(t) = -t**2 - 7*t + 10. Let h be d(j). Suppose 4*q + h*c - 438 + 96 = 0, 4*c + 99 = q. What is the units digit of q?
7
Suppose 2*c - 10389 = -r + 1679, -4*c - 4*r = -24132. What is the tens digit of c?
3
Let r(f) = -3*f**2 + 41*f - 9. Let u(v) = 13*v**2 - 165*v + 37. Let w(t) = 9*r(t) + 2*u(t). What is the tens digit of w(20)?
7
What is the ten thousands digit of (939743/357)/((-2)/(-18))?
2
Let r = 668 + -386. Suppose -4*u - r - 349 = -s, -5*u = 4*s - 2503. What is the units digit of s?
7
Suppose 278575 = 5*l + 5*i, -416*l - 55709 = -417*l + i. What is the units digit of l?
2
What is t